{"id":28,"date":"2021-03-24T11:39:23","date_gmt":"2021-03-24T11:39:23","guid":{"rendered":"https:\/\/amwdynoservice.com\/?page_id=28"},"modified":"2026-03-03T12:09:50","modified_gmt":"2026-03-03T12:09:50","slug":"amw-dyno-service","status":"publish","type":"page","link":"https:\/\/amwdynoservice.com\/index.php\/amw-dyno-service\/","title":{"rendered":"Tietoa yrityksest\u00e4"},"content":{"rendered":"\t\t<div data-elementor-type=\"wp-page\" data-elementor-id=\"28\" class=\"elementor elementor-28\">\n\t\t\t\t\t\t<section class=\"elementor-section elementor-top-section elementor-element elementor-element-57be131 elementor-section-boxed elementor-section-height-default elementor-section-height-default\" data-id=\"57be131\" data-element_type=\"section\" data-e-type=\"section\">\n\t\t\t\t\t\t<div class=\"elementor-container elementor-column-gap-default\">\n\t\t\t\t\t<div class=\"elementor-column elementor-col-100 elementor-top-column elementor-element elementor-element-e327046\" data-id=\"e327046\" data-element_type=\"column\" data-e-type=\"column\">\n\t\t\t<div class=\"elementor-widget-wrap elementor-element-populated\">\n\t\t\t\t\t\t<div class=\"elementor-element elementor-element-2d5df93 elementor-widget elementor-widget-image\" data-id=\"2d5df93\" data-element_type=\"widget\" data-e-type=\"widget\" data-widget_type=\"image.default\">\n\t\t\t\t<div class=\"elementor-widget-container\">\n\t\t\t\t\t\t\t\t\t\t\t\t\t\t\t<img fetchpriority=\"high\" decoding=\"async\" width=\"843\" height=\"438\" src=\"https:\/\/amwdynoservice.com\/wp-content\/uploads\/2021\/03\/kansi-e1616663558916.jpg\" class=\"attachment-large size-large wp-image-131\" alt=\"\" srcset=\"https:\/\/amwdynoservice.com\/wp-content\/uploads\/2021\/03\/kansi-e1616663558916.jpg 960w, https:\/\/amwdynoservice.com\/wp-content\/uploads\/2021\/03\/kansi-e1616663558916-300x156.jpg 300w, https:\/\/amwdynoservice.com\/wp-content\/uploads\/2021\/03\/kansi-e1616663558916-768x399.jpg 768w\" sizes=\"(max-width: 843px) 100vw, 843px\" \/>\t\t\t\t\t\t\t\t\t\t\t\t\t\t\t<\/div>\n\t\t\t\t<\/div>\n\t\t\t\t\t<\/div>\n\t\t<\/div>\n\t\t\t\t\t<\/div>\n\t\t<\/section>\n\t\t\t\t<section class=\"elementor-section elementor-top-section elementor-element elementor-element-d188cf5 elementor-section-boxed elementor-section-height-default elementor-section-height-default\" data-id=\"d188cf5\" data-element_type=\"section\" data-e-type=\"section\">\n\t\t\t\t\t\t<div class=\"elementor-container elementor-column-gap-default\">\n\t\t\t\t\t<div class=\"elementor-column elementor-col-100 elementor-top-column elementor-element elementor-element-5fbf5ff\" data-id=\"5fbf5ff\" data-element_type=\"column\" data-e-type=\"column\">\n\t\t\t<div class=\"elementor-widget-wrap elementor-element-populated\">\n\t\t\t\t\t\t<div class=\"elementor-element elementor-element-3f69ff6 elementor-widget elementor-widget-heading\" data-id=\"3f69ff6\" data-element_type=\"widget\" data-e-type=\"widget\" data-widget_type=\"heading.default\">\n\t\t\t\t<div class=\"elementor-widget-container\">\n\t\t\t\t\t<h2 class=\"elementor-heading-title elementor-size-default\">AMW Dyno Service<\/h2>\t\t\t\t<\/div>\n\t\t\t\t<\/div>\n\t\t\t\t\t<\/div>\n\t\t<\/div>\n\t\t\t\t\t<\/div>\n\t\t<\/section>\n\t\t\t\t<section class=\"elementor-section elementor-top-section elementor-element elementor-element-e59e2d0 elementor-section-boxed elementor-section-height-default elementor-section-height-default\" data-id=\"e59e2d0\" data-element_type=\"section\" data-e-type=\"section\">\n\t\t\t\t\t\t<div class=\"elementor-container elementor-column-gap-default\">\n\t\t\t\t\t<div class=\"elementor-column elementor-col-100 elementor-top-column elementor-element elementor-element-5240251\" data-id=\"5240251\" data-element_type=\"column\" data-e-type=\"column\">\n\t\t\t<div class=\"elementor-widget-wrap elementor-element-populated\">\n\t\t\t\t\t\t<div class=\"elementor-element elementor-element-fa6f489 elementor-widget elementor-widget-text-editor\" data-id=\"fa6f489\" data-element_type=\"widget\" data-e-type=\"widget\" data-widget_type=\"text-editor.default\">\n\t\t\t\t<div class=\"elementor-widget-container\">\n\t\t\t\t\t\t\t\t\t<p>AMW Dyno Service on vuonna 1994 toimintansa aloittanut auto- ja metallialan yritys. S\u00e4\u00e4dimme Autoja Dynamometriss\u00e4 yli 20v ajan. Nyt p\u00e4\u00e4tuotteemme ovat teollisuuden kunnossapitopalvelut sek\u00e4 korjaamoiden kehitys ja siihen liittyv\u00e4t osien purku ja kasaus ratkaisut.\u00a0<\/p><p>Meill\u00e4 on yli 40 v kokemus auto ja metallialan t\u00f6ist\u00e4 !\u00a0<\/p><p>Teemme my\u00f6s :<\/p><p>Toimisto- ja sosiaalitilojen siivoukset<\/p><div>Teollisuustilojen siivoukset<br \/>Yritysten muutto- ja remonttisiivoukset<br \/>Ikkunoiden pesut kev\u00e4tkaudella<br \/>Siivouksista vastaa Heli Martikainen heli.martikainen@outlook.com\u00a0<\/div><p>\u00a0<\/p><p>Yrityksen toiminnasta vastaavat Juha ja Heli Martikainen.<\/p>\t\t\t\t\t\t\t\t<\/div>\n\t\t\t\t<\/div>\n\t\t\t\t\t<\/div>\n\t\t<\/div>\n\t\t\t\t\t<\/div>\n\t\t<\/section>\n\t\t\t\t<section class=\"elementor-section elementor-top-section elementor-element elementor-element-d470620 elementor-section-boxed elementor-section-height-default elementor-section-height-default\" data-id=\"d470620\" data-element_type=\"section\" data-e-type=\"section\">\n\t\t\t\t\t\t<div class=\"elementor-container elementor-column-gap-default\">\n\t\t\t\t\t<div class=\"elementor-column elementor-col-100 elementor-top-column elementor-element elementor-element-44920e7\" data-id=\"44920e7\" data-element_type=\"column\" data-e-type=\"column\">\n\t\t\t<div class=\"elementor-widget-wrap elementor-element-populated\">\n\t\t\t\t\t\t<div class=\"elementor-element elementor-element-34c560d elementor-widget elementor-widget-text-editor\" data-id=\"34c560d\" data-element_type=\"widget\" data-e-type=\"widget\" data-widget_type=\"text-editor.default\">\n\t\t\t\t<div class=\"elementor-widget-container\">\n\t\t\t\t\t\t\t\t\t<p>Vuonna 2024 yritys toteutti EURA2021 tuotekehityshankkeen, mik\u00e4 toteuttiin Euroopan Unionin osarahoituksella. <a href=\"https:\/\/amwdynoservice.com\/index.php\/locero-system\/\">Lis\u00e4tietoja.<\/a><\/p>\t\t\t\t\t\t\t\t<\/div>\n\t\t\t\t<\/div>\n\t\t\t\t<div class=\"elementor-element elementor-element-c529945 elementor-widget elementor-widget-image\" data-id=\"c529945\" data-element_type=\"widget\" data-e-type=\"widget\" data-widget_type=\"image.default\">\n\t\t\t\t<div class=\"elementor-widget-container\">\n\t\t\t\t\t\t\t\t\t\t\t\t\t\t\t<img decoding=\"async\" width=\"300\" height=\"63\" src=\"https:\/\/amwdynoservice.com\/wp-content\/uploads\/2025\/02\/euroopan-unionin-osarahoittama-logo-640x135-1-300x63.png\" class=\"attachment-medium size-medium wp-image-551\" alt=\"\" srcset=\"https:\/\/amwdynoservice.com\/wp-content\/uploads\/2025\/02\/euroopan-unionin-osarahoittama-logo-640x135-1-300x63.png 300w, https:\/\/amwdynoservice.com\/wp-content\/uploads\/2025\/02\/euroopan-unionin-osarahoittama-logo-640x135-1.png 640w\" sizes=\"(max-width: 300px) 100vw, 300px\" \/>\t\t\t\t\t\t\t\t\t\t\t\t\t\t\t<\/div>\n\t\t\t\t<\/div>\n\t\t\t\t\t<\/div>\n\t\t<\/div>\n\t\t\t\t\t<\/div>\n\t\t<\/section>\n\t\t\t\t<\/div>\n\t\t","protected":false},"excerpt":{"rendered":"<p>AMW Dyno Service AMW Dyno Service on vuonna 1994 toimintansa aloittanut auto- ja metallialan yritys. S\u00e4\u00e4dimme Autoja Dynamometriss\u00e4 yli 20v ajan. Nyt p\u00e4\u00e4tuotteemme ovat teollisuuden&hellip;<\/p>\n","protected":false},"author":1,"featured_media":131,"parent":0,"menu_order":0,"comment_status":"closed","ping_status":"closed","template":"","meta":{"footnotes":""},"class_list":["post-28","page","type-page","status-publish","has-post-thumbnail","hentry"],"_links":{"self":[{"href":"https:\/\/amwdynoservice.com\/index.php\/wp-json\/wp\/v2\/pages\/28","targetHints":{"allow":["GET"]}}],"collection":[{"href":"https:\/\/amwdynoservice.com\/index.php\/wp-json\/wp\/v2\/pages"}],"about":[{"href":"https:\/\/amwdynoservice.com\/index.php\/wp-json\/wp\/v2\/types\/page"}],"author":[{"embeddable":true,"href":"https:\/\/amwdynoservice.com\/index.php\/wp-json\/wp\/v2\/users\/1"}],"replies":[{"embeddable":true,"href":"https:\/\/amwdynoservice.com\/index.php\/wp-json\/wp\/v2\/comments?post=28"}],"version-history":[{"count":28,"href":"https:\/\/amwdynoservice.com\/index.php\/wp-json\/wp\/v2\/pages\/28\/revisions"}],"predecessor-version":[{"id":689,"href":"https:\/\/amwdynoservice.com\/index.php\/wp-json\/wp\/v2\/pages\/28\/revisions\/689"}],"wp:featuredmedia":[{"embeddable":true,"href":"https:\/\/amwdynoservice.com\/index.php\/wp-json\/wp\/v2\/media\/131"}],"wp:attachment":[{"href":"https:\/\/amwdynoservice.com\/index.php\/wp-json\/wp\/v2\/media?parent=28"}],"curies":[{"name":"wp","href":"https:\/\/api.w.org\/{rel}","templated":true}]}}